 in base 3?
1011
What is -10 (base 2) in base 4?
-2
1 (base 7) to base 13
1
What is 74 (base 8) in base 10?
60
What is -1a5 (base 14) in base 6?
-1325
What is -11120 (base 3) in base 2?
-1111011
What is 20121 (base 3) in base 16?
b2
-10 (base 4) to base 6
-4
What is 1 (base 14) in base 10?
1
-24 (base 11) to base 4
-122
13 (base 11) to base 14
10
Convert 60 (base 10) to base 11.
55
What is 12 (base 5) in base 13?
7
Convert 20 (base 14) to base 4.
130
-3 (base 13) to base 12
-3
26 (base 15) to base 8
44
What is 11 (base 2) in base 5?
3
10100 (base 2) to base 5
40
What is -1 (base 13) in base 8?
-1
What is -3 (base 10) in base 3?
-10
Convert 5b (base 12) to base 5.
241
Convert -10 (base 8) to base 13.
-8
20 (base 5) to base 11
a
-4 (base 16) to base 10
-4
What is 2 (base 9) in base 12?
2
137 (base 11) to base 15
ab
What is 79 (base 14) in base 4?
1223
-112 (base 3) to base 15
-e
-4d (base 16) to base 3
-2212
Convert -350 (base 8) to base 15.
-107
Convert -6b (base 15) to base 14.
-73
Convert 57 (base 10) to base 15.
3c
Convert 6 (base 13) to base 15.
6
Convert 122 (base 3) to base 11.
16
3 (base 7) to base 8
3
Convert 13 (base 4) to base 5.
12
What is -39 (base 12) in base 8?
-55
0 (base 6) to base 3
0
Convert -234 (base 5) to base 15.
-49
Convert -21 (base 5) to base 4.
-23
Convert -3 (base 12) to base 5.
-3
Convert 2 (base 13) to base 9.
2
-123 (base 5) to base 16
-26
53 (base 7) to base 4
212
ea (base 16) to base 15
109
Convert -1011 (base 4) to base 11.
-63
What is 1210 (base 3) in base 5?
143
What is 2 (base 12) in base 13?
2
10 (base 6) to base 11
6
-230 (base 11) to base 15
-135
46 (base 16) to base 4
1012
-3 (base 10) to base 8
-3
3 (base 6) to base 11
3
Convert -2 (base 9) to base 11.
-2
What is 3 (base 15) in base 7?
3
Convert 211 (base 4) to base 16.
25
What is 1 (base 5) in base 13?
1
What is 4 (base 8) in base 3?
11
Convert 2 (base 16) to base 4.
2
Convert -10000 (base 2) to base 4.
-100
Convert 0 (base 5) to base 4.
0
-12 (base 3) to base 10
-5
What is 8 (base 15) in base 7?
11
What is -11 (base 2) in base 9?
-3
Convert -101 (base 6) to base 12.
-31
-2 (base 5) to base 13
-2
-7 (base 12) to base 9
-7
What is -1 (base 13) in base 9?
-1
What is -17 (base 9) in base 14?
-12
What is 1 (base 9) in base 4?
1
Convert 4 (base 11) to base 2.
100
What is 0 (base 8) in base 15?
0
Convert -11 (base 12) to base 3.
-111
Convert -12 (base 14) to base 13.
-13
54 (base 11) to base 2
111011
What is -5 (base 8) in base 7?
-5
What is -10 (base 3) in base 8?
-3
What is -102 (base 3) in base 7?
-14
What is 1002 (base 6) in base 11?
189
Convert -17 (base 14) to base 13.
-18
What is -14 (base 7) in base 16?
-b
What is 166 (base 7) in base 13?
76
-52 (base 14) to base 11
-66
Convert 5e (base 15) to base 16.
59
71 (base 8) to base 4
321
Convert 0 (base 7) to base 4.
0
Convert -4 (base 7) to base 15.
-4
What is -18 (base 11) in base 10?
-19
Convert 6 (base 9) to base 3.
20
Convert -23 (base 6) to base 3.
-120
1 (base 10) to base 3
1
-1 (base 4) to base 12
-1
-d (base 16) to base 9
-14
Convert -1c (base 15) to base 8.
-33
Convert -10 (base 5) to base 4.
-11
Convert 163 (base 9) to base 15.
93
Convert -61 (base 11) to base 9.
-74
What is 101 (base 3) in base 9?
11
21 (base 6) to base 7
16
Convert -6 (base 7) to base 15.
-6
What is -6 (base 10) in base 12?
-6
Convert -46 (base 9) to base 4.
-222
What is 14 (base 5) in base 11?
9
8 (base 15) to base 14
8
Convert -134 (base 10) to base 13.
-a4
What is -7 (base 15) in base 8?
-7
Convert -1 (base 2) to base 15.
-1
Convert -2 (base 16) to base 2.
-10
2 (base 10) to base 3
2
b (base 12) to base 13
b
30 (base 16) to base 12
40
What is 32 (base 6) in base 9?
22
3 (base 11) to base 15
3
What is 133 (base 4) in base 9?
34
Convert -6 (base 9) to base 4.
-12
-12 (base 8) to base 16
-a
What is 8 (base 15) in base 9?
8
31 (base 10) to base 6
51
14 (base 5) to base 7
12
What is 30 (base 5) in base 7?
21
0 (base 16) to base 12
0
100111 (base 2) to base 13
30
Convert 3 (base 14) to base 10.
3
What is 12111 (base 3) in base 10?
148
Convert 3 (base 10) to base 7.
3
What is -4 (base 5) in base 10?
-4
Convert -41 (base 5) to base 9.
-23
Convert -63 (base 7) to base 12.
-39
Convert 0 (base 16) to base 6.
0
Convert 9 (base 16) to base 2.
1001
Convert -112 (base 7) to base 13.
-46
What is 22 (base 6) in base 14?
10
-c5 (base 16) to base 7
-401
Convert 21 (base 6) to base 5.
23
-a (base 15) to base 9
-11
What is -120 (base 3) in base 14?
-11
What is -3 (base 11) in base 5?
-3
-5 (base 14) to base 5
-10
19 (base 14) to base 13
1a
What is -9 (base 10) in base 14?
-9
What is 4 (base 10) in base 5?
4
-110 (base 2) to base 14
-6
Convert 57 (base 14) to base 2.
1001101
What is c5 (base 15) in base 12?
135
Convert -3 (base 10) to base 4.
-3
Convert 9 (base 16) to base 5.
14
Convert -3001 (base 4) to base 8.
-301
8 (base 14) to base 9
8
What is -4 (base 8) in base 15?
-4
What is 0 (base 7) in base 16?
0
Convert c (base 16) to base 15.
c
What is -98 (base 13) in base 4?
-1331
What is 43 (base 10) in base 9?
47
-7 (base 12) to base 3
-21
Convert -1221 (base 3) to base 16.
-34
Convert -2110 (base 3) to base 10.
-66
Convert -100 (base 2) to base 15.
-4
Convert -40 (base 5) to base 9.
-22
Convert 12 (base 13) to base 6.
23
16 (base 11) to base 14
13
Convert 34 (base 5) to base 16.
13
-23 (base 13) to base 14
-21
31 (base 5) to base 4
100
What is 10 (base 13) in base 4?
31
Convert -22 (base 6) to base 15.
-e
Convert 0 (base 15) to base 14.
0
2b (base 14) to base 7
54
c4 (base 15) to base 5
1214
5 (base 7) to base 12
5
Convert 226 (base 7) to base 5.
433
235 (base 6) to base 13
74
Convert 5 (base 6) to base 14.
5
What is 222 (base 9) in base 10?
182
Convert -8 (base 14) to base 16.
-8
4 (base 8) to base 9
4
What is 126 (base 10) in base 15?
86
What is -b (base 13) in base 4?
-23
What is 2 (base 14) in base 7?
2
What is -211 (base 6) in base 4?
-1033
Convert 0 (base 7) to base 13.
0
Convert -620 (base 7) to base 12.
-218
-411 (base 5) to base 3
-10221
What is -8 (base 15) in base 7?
-11
0 (base 13) to base 6
0
-28 (base 11) to base 14
-22
-14 (base 13) to base 6
-25
What is -3b (base 15) in base 9?
-62
What is -2 (base 11) in base 7?
-2
Convert 1230 (base 5) to base 16.
be
What is -331 (base 5) in base 10?
-91
What is -15 (base 7) in base 14?
-c
What is 126 (base 7) in base 6?
153
What is 100011 (base 3) in base 13?
160
-16 (base 14) to base 2
-10100
Convert -332 (base 5) to base 11.
-84
-1 (base 14) to base 9
-1
Convert 1 (base 10) to base 5.
1
11 (base 2) to base 7
3
Convert 17 (base 9) to base 7.
22
Convert -373 (base 8) to base 4.
-3323
11001 (base 3) to base 13
85
What is 11 (base 5) in base 12?
6
-1 (base 5) to base 6
-1
Convert -3 (base 5) to base 14.
-3
3 (base 13) to base 3
10
Convert -200 (base 4) to base 3.
-1012
Convert -15 (base 13) to base 10.
-18
0 (base 2) to base 15
0
What is 357 (base 8) in base 9?
285
Convert -1 (base 13) to base 16.
-1
What is 12 (base 4) in base 13?
6
What is -19 (base 15) in base 4?
-120
What is -113 (base 10) in base 2?
-1110001
What is 51 (base 13) in base 11?
60
What is -101 (base 2) in base 4?
-11
1c (base 14) to base 16
1a
Convert -13 (base 13) to base 10.
-16
1010 (base 3) to base 4
132
Convert 74 (base 8) to base 7.
114
Convert 4 (base 15) to base 12.
4
-fe (base 16) to base 9
-312
What is -2 (base 6) in base 8?
-2
What is 1 (base 7) in base 11?
1
Convert -1 (base 12) to base 2.
-1
Convert -13 (base 5) to base 4.
-20
What is -11 (base 2) in base 8?
-3
2 (base 10) to base 13
2
What is -16 (base 8) in base 4?
-32
What is -3 (base 15) in base 16?
-3
Convert 17 (base 11) to base 3.
200
What is 122 (base 4) in base 6?
42
Convert 1155 (base 6) to base 14.
167
What is -8 (base 13) in base 11?
-8
0 (base 10) to base 7
0
What is 88 (base 13) in base 9?
134
What is -2 (base 8) in base 16?
-2
Convert -33 (base 5) to base 16.
-12
1 (base 15) to base 11
1
What is 24 (base 8) in base 4?
110
What is 1 (base 9) in base 8?
1
What is -135 (base 10) in base 9?
-160
30 (base 14) to base 6
110
What is -326 (base 7) in base 16?
-a7
Convert -1220 (base 3) to base 11.
-47
Convert -2331 (base 4) to base 15.
-c9
1022 (base 6) to base 16
e6
Convert 100101 (base 2) to base 4.
211
Convert -3 (base 11) to base 12.
-3
What is 212 (